{"id":691,"date":"2026-03-04T03:49:03","date_gmt":"2026-03-04T03:49:03","guid":{"rendered":"http:\/\/midas.silverhost.cl\/~maxmotoc\/?post_type=product&#038;p=691"},"modified":"2026-05-02T23:34:22","modified_gmt":"2026-05-02T23:34:22","slug":"voge-ac-500-defensa","status":"publish","type":"product","link":"https:\/\/maxmoto.cl\/?product=voge-ac-500-defensa","title":{"rendered":"Defensa Voge AC 500 Crash Bar MaxMoto"},"content":{"rendered":"<p>Defensa MaxMoto para motocicleta<br \/>\nLa defensa MaxMoto ha sido dise\u00f1ada para proteger la estructura y el motor de la motocicleta frente a ca\u00eddas, golpes o impactos durante el uso.<br \/>\nFabricada en acero carbono estructural de alta resistencia, su dise\u00f1o permite absorber impactos, aumentando la seguridad del piloto y de los pasajeros, adem\u00e1s de proteger la integridad del chasis, su est\u00e9tica y funcionalidad.<br \/>\nCada defensa se desarrolla considerando la estructura espec\u00edfica del modelo de motocicleta, logrando un ajuste preciso que respeta los puntos de fijaci\u00f3n originales, sin modificar partes de la moto y manteniendo el correcto desempe\u00f1o del veh\u00edculo.<br \/>\nSu construcci\u00f3n mediante soldadura MIG de alta penetraci\u00f3n garantiza una uni\u00f3n estructural s\u00f3lida, mientras que su terminaci\u00f3n con pintura electrost\u00e1tica industrial protege la pieza contra la corrosi\u00f3n, el desgaste y las condiciones clim\u00e1ticas.<\/p>\n","protected":false},"excerpt":{"rendered":"<p>Defensa MaxMoto. Fabricada en acero carbono estructural con soldadura MIG de alta penetraci\u00f3n y pintura electrost\u00e1tica industrial de alta resistencia. Dise\u00f1ada espec\u00edficamente para cada modelo de motocicleta, protege el motor y la estructura ante ca\u00eddas o impactos, aumentando adem\u00e1s la seguridad del conductor. Producto fabricado en Chile por MaxMoto.<\/p>\n","protected":false},"featured_media":727,"comment_status":"open","ping_status":"closed","template":"","meta":{"site-sidebar-layout":"default","site-content-layout":"","ast-site-content-layout":"default","site-content-style":"default","site-sidebar-style":"default","ast-global-header-display":"","ast-banner-title-visibility":"","ast-main-header-display":"","ast-hfb-above-header-display":"","ast-hfb-below-header-display":"","ast-hfb-mobile-header-display":"","site-post-title":"","ast-breadcrumbs-content":"","ast-featured-img":"","footer-sml-layout":"","ast-disable-related-posts":"","theme-transparent-header-meta":"default","adv-header-id-meta":"","stick-header-meta":"","header-above-stick-meta":"","header-main-stick-meta":"","header-below-stick-meta":"","astra-migrate-meta-layouts":"set","ast-page-background-enabled":"default","ast-page-background-meta":{"desktop":{"background-color":"var(--ast-global-color-5)","background-image":"","background-repeat":"repeat","background-position":"center center","background-size":"auto","background-attachment":"scroll","background-type":"","background-media":"","overlay-type":"","overlay-color":"","overlay-opacity":"","overlay-gradient":""},"tablet":{"background-color":"","background-image":"","background-repeat":"repeat","background-position":"center center","background-size":"auto","background-attachment":"scroll","background-type":"","background-media":"","overlay-type":"","overlay-color":"","overlay-opacity":"","overlay-gradient":""},"mobile":{"background-color":"","background-image":"","background-repeat":"repeat","background-position":"center center","background-size":"auto","background-attachment":"scroll","background-type":"","background-media":"","overlay-type":"","overlay-color":"","overlay-opacity":"","overlay-gradient":""}},"ast-content-background-meta":{"desktop":{"background-color":"var(--ast-global-color-4)","background-image":"","background-repeat":"repeat","background-position":"center center","background-size":"auto","background-attachment":"scroll","background-type":"","background-media":"","overlay-type":"","overlay-color":"","overlay-opacity":"","overlay-gradient":""},"tablet":{"background-color":"var(--ast-global-color-4)","background-image":"","background-repeat":"repeat","background-position":"center center","background-size":"auto","background-attachment":"scroll","background-type":"","background-media":"","overlay-type":"","overlay-color":"","overlay-opacity":"","overlay-gradient":""},"mobile":{"background-color":"var(--ast-global-color-4)","background-image":"","background-repeat":"repeat","background-position":"center center","background-size":"auto","background-attachment":"scroll","background-type":"","background-media":"","overlay-type":"","overlay-color":"","overlay-opacity":"","overlay-gradient":""}}},"product_brand":[37],"product_cat":[19],"product_tag":[66,62,64,63,73,43,65],"class_list":{"0":"post-691","1":"product","2":"type-product","3":"status-publish","4":"has-post-thumbnail","6":"product_brand-maxmoto","7":"product_cat-defensas","8":"product_tag-crash-bar","9":"product_tag-defensa-moto","10":"product_tag-defensa-motocicleta","11":"product_tag-defensa-motor-moto","12":"product_tag-defensa-voge","13":"product_tag-maxmoto","14":"product_tag-proteccion-moto","15":"desktop-align-left","16":"tablet-align-left","17":"mobile-align-left","19":"first","20":"instock","21":"shipping-taxable","22":"purchasable","23":"product-type-simple"},"jetpack_sharing_enabled":true,"_links":{"self":[{"href":"https:\/\/maxmoto.cl\/index.php?rest_route=\/wp\/v2\/product\/691","targetHints":{"allow":["GET"]}}],"collection":[{"href":"https:\/\/maxmoto.cl\/index.php?rest_route=\/wp\/v2\/product"}],"about":[{"href":"https:\/\/maxmoto.cl\/index.php?rest_route=\/wp\/v2\/types\/product"}],"replies":[{"embeddable":true,"href":"https:\/\/maxmoto.cl\/index.php?rest_route=%2Fwp%2Fv2%2Fcomments&post=691"}],"version-history":[{"count":1,"href":"https:\/\/maxmoto.cl\/index.php?rest_route=\/wp\/v2\/product\/691\/revisions"}],"predecessor-version":[{"id":3208,"href":"https:\/\/maxmoto.cl\/index.php?rest_route=\/wp\/v2\/product\/691\/revisions\/3208"}],"wp:featuredmedia":[{"embeddable":true,"href":"https:\/\/maxmoto.cl\/index.php?rest_route=\/wp\/v2\/media\/727"}],"wp:attachment":[{"href":"https:\/\/maxmoto.cl\/index.php?rest_route=%2Fwp%2Fv2%2Fmedia&parent=691"}],"wp:term":[{"taxonomy":"product_brand","embeddable":true,"href":"https:\/\/maxmoto.cl\/index.php?rest_route=%2Fwp%2Fv2%2Fproduct_brand&post=691"},{"taxonomy":"product_cat","embeddable":true,"href":"https:\/\/maxmoto.cl\/index.php?rest_route=%2Fwp%2Fv2%2Fproduct_cat&post=691"},{"taxonomy":"product_tag","embeddable":true,"href":"https:\/\/maxmoto.cl\/index.php?rest_route=%2Fwp%2Fv2%2Fproduct_tag&post=691"}],"curies":[{"name":"wp","href":"https:\/\/api.w.org\/{rel}","templated":true}]}}