{"id":373,"date":"2026-03-04T03:44:15","date_gmt":"2026-03-04T03:44:15","guid":{"rendered":"http:\/\/midas.silverhost.cl\/~maxmotoc\/?post_type=product&#038;p=373"},"modified":"2026-05-02T23:34:21","modified_gmt":"2026-05-02T23:34:21","slug":"parabrisas-custom-tradicional","status":"publish","type":"product","link":"https:\/\/maxmoto.cl\/?product=parabrisas-custom-tradicional","title":{"rendered":"Parabrisas Custom Tradicional MaxMoto"},"content":{"rendered":"<p>Parabrisas MaxMoto \u2013 Ingenier\u00eda, experiencia y dise\u00f1o aplicado<br \/>\nEn MaxMoto llevamos m\u00e1s de 28 a\u00f1os desarrollando parabrisas para motocicletas en Chile, combinando dise\u00f1o t\u00e9cnico y materiales de alto nivel para mejorar la conducci\u00f3n.<br \/>\nMaterial<br \/>\nAcr\u00edlico PMMA importado (3 y 4 mm) en colores transparente, humo suave, humo oscuro, rojo y azul.<br \/>\nResistente al sol (filtro UV), impactos y desgaste. No se deforma ni decolora y permite pulido.<br \/>\nFabricaci\u00f3n<br \/>\nDise\u00f1o en CAD y corte CNC de alta precisi\u00f3n, logrando ajuste perfecto y terminaciones profesionales.<br \/>\nBeneficios<br \/>\n\u2022 Aerodin\u00e1mica: mayor estabilidad y mejor comportamiento en ruta<br \/>\n\u2022 Conducci\u00f3n: menos fatiga, protecci\u00f3n contra viento, fr\u00edo e insectos<br \/>\n\u2022 Eficiencia: ahorro de combustible estimado entre 5% y 15%<br \/>\n\u2022 Est\u00e9tica: dise\u00f1o integrado que mejora la apariencia de la moto<br \/>\nExperiencia<br \/>\nDise\u00f1amos soluciones reales para el motociclista.<\/p>\n","protected":false},"excerpt":{"rendered":"<p>Fabricados en acr\u00edlico PMMA importado de 3 mm, Tiene estructura met\u00e1lica con ajuste de altura. Los parabrisas MaxMoto est\u00e1n dise\u00f1ados para mejorar la aerodin\u00e1mica, aumentar la estabilidad y brindar mayor comodidad en la conducci\u00f3n, respetando y realzando la est\u00e9tica de la moto.<br \/>\nResistentes al sol, impactos y desgaste, son la combinaci\u00f3n perfecta entre rendimiento, dise\u00f1o y durabilidad.<br \/>\nParabrisas MaxMoto \u2013 Protecci\u00f3n y dise\u00f1o para tu motociclet<\/p>\n","protected":false},"featured_media":427,"comment_status":"open","ping_status":"closed","template":"","meta":{"site-sidebar-layout":"default","site-content-layout":"","ast-site-content-layout":"default","site-content-style":"default","site-sidebar-style":"default","ast-global-header-display":"","ast-banner-title-visibility":"","ast-main-header-display":"","ast-hfb-above-header-display":"","ast-hfb-below-header-display":"","ast-hfb-mobile-header-display":"","site-post-title":"","ast-breadcrumbs-content":"","ast-featured-img":"","footer-sml-layout":"","ast-disable-related-posts":"","theme-transparent-header-meta":"default","adv-header-id-meta":"","stick-header-meta":"","header-above-stick-meta":"","header-main-stick-meta":"","header-below-stick-meta":"","astra-migrate-meta-layouts":"set","ast-page-background-enabled":"default","ast-page-background-meta":{"desktop":{"background-color":"var(--ast-global-color-5)","background-image":"","background-repeat":"repeat","background-position":"center center","background-size":"auto","background-attachment":"scroll","background-type":"","background-media":"","overlay-type":"","overlay-color":"","overlay-opacity":"","overlay-gradient":""},"tablet":{"background-color":"","background-image":"","background-repeat":"repeat","background-position":"center center","background-size":"auto","background-attachment":"scroll","background-type":"","background-media":"","overlay-type":"","overlay-color":"","overlay-opacity":"","overlay-gradient":""},"mobile":{"background-color":"","background-image":"","background-repeat":"repeat","background-position":"center center","background-size":"auto","background-attachment":"scroll","background-type":"","background-media":"","overlay-type":"","overlay-color":"","overlay-opacity":"","overlay-gradient":""}},"ast-content-background-meta":{"desktop":{"background-color":"var(--ast-global-color-4)","background-image":"","background-repeat":"repeat","background-position":"center center","background-size":"auto","background-attachment":"scroll","background-type":"","background-media":"","overlay-type":"","overlay-color":"","overlay-opacity":"","overlay-gradient":""},"tablet":{"background-color":"var(--ast-global-color-4)","background-image":"","background-repeat":"repeat","background-position":"center center","background-size":"auto","background-attachment":"scroll","background-type":"","background-media":"","overlay-type":"","overlay-color":"","overlay-opacity":"","overlay-gradient":""},"mobile":{"background-color":"var(--ast-global-color-4)","background-image":"","background-repeat":"repeat","background-position":"center center","background-size":"auto","background-attachment":"scroll","background-type":"","background-media":"","overlay-type":"","overlay-color":"","overlay-opacity":"","overlay-gradient":""}}},"product_brand":[37],"product_cat":[20],"product_tag":[112,110,111,115,116,113,108,109,117,114],"class_list":{"0":"post-373","1":"product","2":"type-product","3":"status-publish","4":"has-post-thumbnail","6":"product_brand-maxmoto","7":"product_cat-parabrisas","8":"product_tag-accesorios-moto-chile","9":"product_tag-cupula-moto","10":"product_tag-deflector-viento-moto","11":"product_tag-parabrisas-aerodinamico","12":"product_tag-parabrisas-diseno-cad","13":"product_tag-parabrisas-maxmoto","14":"product_tag-parabrisas-moto","15":"product_tag-parabrisas-motocicleta","16":"product_tag-parabrisas-urbano","17":"product_tag-proteccion-viento-moto","18":"desktop-align-left","19":"tablet-align-left","20":"mobile-align-left","22":"first","23":"instock","24":"shipping-taxable","25":"purchasable","26":"product-type-simple"},"jetpack_sharing_enabled":true,"_links":{"self":[{"href":"https:\/\/maxmoto.cl\/index.php?rest_route=\/wp\/v2\/product\/373","targetHints":{"allow":["GET"]}}],"collection":[{"href":"https:\/\/maxmoto.cl\/index.php?rest_route=\/wp\/v2\/product"}],"about":[{"href":"https:\/\/maxmoto.cl\/index.php?rest_route=\/wp\/v2\/types\/product"}],"replies":[{"embeddable":true,"href":"https:\/\/maxmoto.cl\/index.php?rest_route=%2Fwp%2Fv2%2Fcomments&post=373"}],"version-history":[{"count":1,"href":"https:\/\/maxmoto.cl\/index.php?rest_route=\/wp\/v2\/product\/373\/revisions"}],"predecessor-version":[{"id":3281,"href":"https:\/\/maxmoto.cl\/index.php?rest_route=\/wp\/v2\/product\/373\/revisions\/3281"}],"wp:featuredmedia":[{"embeddable":true,"href":"https:\/\/maxmoto.cl\/index.php?rest_route=\/wp\/v2\/media\/427"}],"wp:attachment":[{"href":"https:\/\/maxmoto.cl\/index.php?rest_route=%2Fwp%2Fv2%2Fmedia&parent=373"}],"wp:term":[{"taxonomy":"product_brand","embeddable":true,"href":"https:\/\/maxmoto.cl\/index.php?rest_route=%2Fwp%2Fv2%2Fproduct_brand&post=373"},{"taxonomy":"product_cat","embeddable":true,"href":"https:\/\/maxmoto.cl\/index.php?rest_route=%2Fwp%2Fv2%2Fproduct_cat&post=373"},{"taxonomy":"product_tag","embeddable":true,"href":"https:\/\/maxmoto.cl\/index.php?rest_route=%2Fwp%2Fv2%2Fproduct_tag&post=373"}],"curies":[{"name":"wp","href":"https:\/\/api.w.org\/{rel}","templated":true}]}}